{"id":16654,"date":"2025-12-20T06:25:56","date_gmt":"2025-12-20T06:25:56","guid":{"rendered":"https:\/\/onlinewebsolutions.store\/haroldweiser\/?page_id=16654"},"modified":"2025-12-20T06:28:33","modified_gmt":"2025-12-20T06:28:33","slug":"eric-vazquez-interprete-de-la-corte","status":"publish","type":"page","link":"https:\/\/onlinewebsolutions.store\/haroldweiser\/eric-vazquez-interprete-de-la-corte\/","title":{"rendered":"Eric V\u00e1zquez\u00a0Int\u00e9rprete Judicial de espa\u00f1ol en Luisiana"},"content":{"rendered":"\t\t<div data-elementor-type=\"wp-page\" data-elementor-id=\"16654\" class=\"elementor elementor-16654\" data-elementor-post-type=\"page\">\n\t\t\t\t<div class=\"elementor-element elementor-element-7befc01d elementor-hidden-desktop e-flex e-con-boxed e-con e-parent\" data-id=\"7befc01d\" data-element_type=\"container\">\n\t\t\t\t\t<div class=\"e-con-inner\">\n\t\t\t\t<div class=\"elementor-element elementor-element-68e9f99 elementor-position-inline-start elementor-mobile-position-inline-start elementor-view-default elementor-widget elementor-widget-icon-box\" data-id=\"68e9f99\" data-element_type=\"widget\" data-widget_type=\"icon-box.default\">\n\t\t\t\t\t\t\t<div class=\"elementor-icon-box-wrapper\">\n\n\t\t\t\t\t\t<div class=\"elementor-icon-box-icon\">\n\t\t\t\t<span  class=\"elementor-icon\">\n\t\t\t\t<svg aria-hidden=\"true\" class=\"e-font-icon-svg e-fas-phone-alt\" viewBox=\"0 0 512 512\" xmlns=\"http:\/\/www.w3.org\/2000\/svg\"><path d=\"M497.39 361.8l-112-48a24 24 0 0 0-28 6.9l-49.6 60.6A370.66 370.66 0 0 1 130.6 204.11l60.6-49.6a23.94 23.94 0 0 0 6.9-28l-48-112A24.16 24.16 0 0 0 122.6.61l-104 24A24 24 0 0 0 0 48c0 256.5 207.9 464 464 464a24 24 0 0 0 23.4-18.6l24-104a24.29 24.29 0 0 0-14.01-27.6z\"><\/path><\/svg>\t\t\t\t<\/span>\n\t\t\t<\/div>\n\t\t\t\n\t\t\t\t\t\t<div class=\"elementor-icon-box-content\">\n\n\t\t\t\t\t\t\t\t\t<h3 class=\"elementor-icon-box-title\">\n\t\t\t\t\t\t<span  >\n\t\t\t\t\t\t\t504-358-2273\t\t\t\t\t\t<\/span>\n\t\t\t\t\t<\/h3>\n\t\t\t\t\n\t\t\t\t\t\t\t\t\t<p class=\"elementor-icon-box-description\">\n\t\t\t\t\t\tFor A Free Consultation\t\t\t\t\t<\/p>\n\t\t\t\t\n\t\t\t<\/div>\n\t\t\t\n\t\t<\/div>\n\t\t\t\t\t\t<\/div>\n\t\t\t\t\t<\/div>\n\t\t\t\t<\/div>\n\t\t<div class=\"elementor-element elementor-element-6dcfa2a1 e-flex e-con-boxed e-con e-parent\" data-id=\"6dcfa2a1\" data-element_type=\"container\" data-settings=\"{&quot;background_background&quot;:&quot;classic&quot;}\">\n\t\t\t\t\t<div class=\"e-con-inner\">\n\t\t<div class=\"elementor-element elementor-element-2f404959 e-con-full elementor-hidden-tablet elementor-hidden-mobile e-flex e-con e-child\" data-id=\"2f404959\" data-element_type=\"container\">\n\t\t<div class=\"elementor-element elementor-element-2380febd e-con-full e-flex e-con e-child\" data-id=\"2380febd\" data-element_type=\"container\">\n\t\t\t\t<div class=\"elementor-element elementor-element-b04e531 elementor-position-inline-start elementor-mobile-position-inline-start elementor-view-default elementor-widget elementor-widget-icon-box\" data-id=\"b04e531\" data-element_type=\"widget\" data-widget_type=\"icon-box.default\">\n\t\t\t\t\t\t\t<div class=\"elementor-icon-box-wrapper\">\n\n\t\t\t\t\t\t<div class=\"elementor-icon-box-icon\">\n\t\t\t\t<a href=\"tel:504-358-2273\" class=\"elementor-icon\" tabindex=\"-1\" aria-label=\"504-358-2273\">\n\t\t\t\t<svg aria-hidden=\"true\" class=\"e-font-icon-svg e-fas-phone-alt\" viewBox=\"0 0 512 512\" xmlns=\"http:\/\/www.w3.org\/2000\/svg\"><path d=\"M497.39 361.8l-112-48a24 24 0 0 0-28 6.9l-49.6 60.6A370.66 370.66 0 0 1 130.6 204.11l60.6-49.6a23.94 23.94 0 0 0 6.9-28l-48-112A24.16 24.16 0 0 0 122.6.61l-104 24A24 24 0 0 0 0 48c0 256.5 207.9 464 464 464a24 24 0 0 0 23.4-18.6l24-104a24.29 24.29 0 0 0-14.01-27.6z\"><\/path><\/svg>\t\t\t\t<\/a>\n\t\t\t<\/div>\n\t\t\t\n\t\t\t\t\t\t<div class=\"elementor-icon-box-content\">\n\n\t\t\t\t\t\t\t\t\t<h3 class=\"elementor-icon-box-title\">\n\t\t\t\t\t\t<a href=\"tel:504-358-2273\" >\n\t\t\t\t\t\t\t504-358-2273\t\t\t\t\t\t<\/a>\n\t\t\t\t\t<\/h3>\n\t\t\t\t\n\t\t\t\t\t\t\t\t\t<p class=\"elementor-icon-box-description\">\n\t\t\t\t\t\tFor A Free Consultation\t\t\t\t\t<\/p>\n\t\t\t\t\n\t\t\t<\/div>\n\t\t\t\n\t\t<\/div>\n\t\t\t\t\t\t<\/div>\n\t\t\t\t<\/div>\n\t\t\t\t<\/div>\n\t\t\t\t\t<\/div>\n\t\t\t\t<\/div>\n\t\t<div class=\"elementor-element elementor-element-6be8dc93 e-flex e-con-boxed e-con e-parent\" data-id=\"6be8dc93\" data-element_type=\"container\" data-settings=\"{&quot;background_background&quot;:&quot;classic&quot;}\">\n\t\t\t\t\t<div class=\"e-con-inner\">\n\t\t<div class=\"elementor-element elementor-element-3e774265 e-con-full e-flex e-con e-child\" data-id=\"3e774265\" data-element_type=\"container\" data-settings=\"{&quot;background_background&quot;:&quot;classic&quot;}\">\n\t\t\t\t<div class=\"elementor-element elementor-element-5f3c9676 elementor-widget elementor-widget-page-title\" data-id=\"5f3c9676\" data-element_type=\"widget\" data-settings=\"{&quot;align&quot;:&quot;center&quot;}\" data-widget_type=\"page-title.default\">\n\t\t\t\t<div class=\"elementor-widget-container\">\n\t\t\t\t\t\t\t\n\t\t<div class=\"hfe-page-title hfe-page-title-wrapper elementor-widget-heading\">\n\n\t\t\t\t\t\t\t\t\t\t\t<a href=\"https:\/\/onlinewebsolutions.store\/haroldweiser\">\n\t\t\t\t\t\t<h2 class=\"elementor-heading-title elementor-size-default\">\n\t\t\t\t\t\t\t\t\n\t\t\t\tEric V\u00e1zquez\u00a0Int\u00e9rprete Judicial de espa\u00f1ol en Luisiana  \n\t\t\t<\/h2 > \n\t\t\t\t\t\t\t\t\t<\/a>\n\t\t\t\t\t<\/div>\n\t\t\t\t\t\t<\/div>\n\t\t\t\t<\/div>\n\t\t\t\t<div class=\"elementor-element elementor-element-293391e9 elementor-hidden-desktop elementor-hidden-tablet elementor-hidden-mobile elementor-widget elementor-widget-hfe-breadcrumbs-widget\" data-id=\"293391e9\" data-element_type=\"widget\" data-widget_type=\"hfe-breadcrumbs-widget.default\">\n\t\t\t\t<div class=\"elementor-widget-container\">\n\t\t\t\t\t<nav aria-label=\"Breadcrumb\"><ul class=\"hfe-breadcrumbs hfe-breadcrumbs-show-home\"><li class=\"hfe-breadcrumbs-item hfe-breadcrumbs-first\"><span class=\"hfe-breadcrumbs-home-icon\"><svg aria-hidden=\"true\" class=\"e-font-icon-svg e-fas-home\" viewBox=\"0 0 576 512\" xmlns=\"http:\/\/www.w3.org\/2000\/svg\"><path d=\"M280.37 148.26L96 300.11V464a16 16 0 0 0 16 16l112.06-.29a16 16 0 0 0 15.92-16V368a16 16 0 0 1 16-16h64a16 16 0 0 1 16 16v95.64a16 16 0 0 0 16 16.05L464 480a16 16 0 0 0 16-16V300L295.67 148.26a12.19 12.19 0 0 0-15.3 0zM571.6 251.47L488 182.56V44.05a12 12 0 0 0-12-12h-56a12 12 0 0 0-12 12v72.61L318.47 43a48 48 0 0 0-61 0L4.34 251.47a12 12 0 0 0-1.6 16.9l25.5 31A12 12 0 0 0 45.15 301l235.22-193.74a12.19 12.19 0 0 1 15.3 0L530.9 301a12 12 0 0 0 16.9-1.6l25.5-31a12 12 0 0 0-1.7-16.93z\"><\/path><\/svg><\/span><a href=\"https:\/\/onlinewebsolutions.store\/haroldweiser\"><span class=\"hfe-breadcrumbs-text\">Home<\/span><\/a><\/li><\/ul><\/nav>\t\t\t\t<\/div>\n\t\t\t\t<\/div>\n\t\t\t\t<\/div>\n\t\t\t\t\t<\/div>\n\t\t\t\t<\/div>\n\t\t<div class=\"elementor-element elementor-element-4a222f9c e-flex e-con-boxed e-con e-parent\" data-id=\"4a222f9c\" data-element_type=\"container\">\n\t\t\t\t\t<div class=\"e-con-inner\">\n\t\t<div class=\"elementor-element elementor-element-4705fb12 e-con-full e-flex e-con e-child\" data-id=\"4705fb12\" data-element_type=\"container\">\n\t\t\t\t<div class=\"elementor-element elementor-element-37229f6e elementor-widget elementor-widget-heading\" data-id=\"37229f6e\" data-element_type=\"widget\" data-widget_type=\"heading.default\">\n\t\t\t\t\t<h2 class=\"elementor-heading-title elementor-size-default\">Eric V\u00e1zquez Int\u00e9rprete Judicial de espa\u00f1ol en Luisiana<\/h2>\t\t\t\t<\/div>\n\t\t\t\t<div class=\"elementor-element elementor-element-511467c5 elementor-widget__width-inherit elementor-widget elementor-widget-text-editor\" data-id=\"511467c5\" data-element_type=\"widget\" data-widget_type=\"text-editor.default\">\n\t\t\t\t\t\t\t\t\tEl Sr. Eric V\u00e1zquez es un int\u00e9rprete y traductor registrado con la Corte Suprema de Luisiana. El Sr. V\u00e1zquez naci\u00f3 y vivi\u00f3 la gran parte de su vida en el Barrio Coral Viejo en Ponce, Puerto Rico. El recibi\u00f3 su Bachillerato en Relaciones P\u00fablicas y Communicaciones en la Universidad de Loyola de Nueva Orleans en el 2010. Luego, recibi\u00f3 un Juris Doctoratus de la Facultad de Derecho de la Pontificia Universidad Cat\u00f3lica de Puerto Rico en el 2014 y empez\u00f3 sus estudios en el programa L.L.M. de maestr\u00eda en derecho en Loyola University New Orleans School of Law.\n\n\t\t\t\t\t\t\t\t<\/div>\n\t\t\t\t<div class=\"elementor-element elementor-element-8c9d62b elementor-widget__width-inherit elementor-widget elementor-widget-text-editor\" data-id=\"8c9d62b\" data-element_type=\"widget\" data-widget_type=\"text-editor.default\">\n\t\t\t\t\t\t\t\t\tEl Sr. V\u00e1zquez es biling\u00fce y sus estudios legales le han permitdo dominar tanto la lengua espa\u00f1ola como la inglesa tambi\u00e9n. Eric es egresado en una Escuela de Derecho donde se habla espa\u00f1ol e ingl\u00e9s con fluidez. \u00c9l est\u00e1 disponible para rendir sus servicios de int\u00e9rprete en cualquier foro legal o forense.\n\n\t\t\t\t\t\t\t\t<\/div>\n\t\t\t\t<\/div>\n\t\t<div class=\"elementor-element elementor-element-2a3e3aa7 e-con-full e-flex e-con e-child\" data-id=\"2a3e3aa7\" data-element_type=\"container\">\n\t\t\t\t<div class=\"elementor-element elementor-element-2e81d593 elementor-widget elementor-widget-image\" data-id=\"2e81d593\" data-element_type=\"widget\" data-widget_type=\"image.default\">\n\t\t\t\t\t\t\t\t\t\t\t\t\t\t\t<img fetchpriority=\"high\" decoding=\"async\" width=\"600\" height=\"601\" src=\"https:\/\/onlinewebsolutions.store\/haroldweiser\/wp-content\/uploads\/2025\/12\/Eric-Headshot-600x601-1.webp\" class=\"attachment-large size-large wp-image-16658\" alt=\"\" srcset=\"https:\/\/onlinewebsolutions.store\/haroldweiser\/wp-content\/uploads\/2025\/12\/Eric-Headshot-600x601-1.webp 600w, https:\/\/onlinewebsolutions.store\/haroldweiser\/wp-content\/uploads\/2025\/12\/Eric-Headshot-600x601-1-300x300.webp 300w, https:\/\/onlinewebsolutions.store\/haroldweiser\/wp-content\/uploads\/2025\/12\/Eric-Headshot-600x601-1-150x150.webp 150w\" sizes=\"(max-width: 600px) 100vw, 600px\" \/>\t\t\t\t\t\t\t\t\t\t\t\t\t\t\t<\/div>\n\t\t\t\t<\/div>\n\t\t\t\t\t<\/div>\n\t\t\t\t<\/div>\n\t\t<div class=\"elementor-element elementor-element-540e5760 e-flex e-con-boxed e-con e-parent\" data-id=\"540e5760\" data-element_type=\"container\">\n\t\t\t\t\t<div class=\"e-con-inner\">\n\t\t<div class=\"elementor-element elementor-element-3b9aeed6 e-con-full e-flex e-con e-child\" data-id=\"3b9aeed6\" data-element_type=\"container\">\n\t\t\t\t<div class=\"elementor-element elementor-element-5025d0ba elementor-widget__width-inherit elementor-widget elementor-widget-text-editor\" data-id=\"5025d0ba\" data-element_type=\"widget\" data-widget_type=\"text-editor.default\">\n\t\t\t\t\t\t\t\t\t<main id=\"main\" class=\"clearfix \"><div class=\"fusion-row\"><section id=\"content\"><div id=\"post-10579\" class=\"post-10579 page type-page status-publish hentry\"><div class=\"post-content\"><div class=\"fusion-fullwidth fullwidth-box fusion-builder-row-1 fusion-flex-container has-pattern-background has-mask-background nonhundred-percent-fullwidth non-hundred-percent-height-scrolling\"><div class=\"fusion-builder-row fusion-row fusion-flex-align-items-flex-start fusion-flex-content-wrap\"><div class=\"fusion-layout-column fusion_builder_column fusion-builder-column-1 fusion_builder_column_2_3 2_3 fusion-flex-column\"><div class=\"fusion-column-wrapper fusion-column-has-shadow fusion-flex-justify-content-flex-start fusion-content-layout-column\"><div class=\"fusion-text fusion-text-1\"><p>El Sr. Eric V\u00e1zquez est\u00e1 disponible como int\u00e9rprete judicial de espa\u00f1ol en Luisiana para declaraciones, audiencias o vistas judiciales, mediaci\u00f3n y uso general. Llame a la oficina para contratar al Sr. V\u00e1zquez hoy al\u00a0<a href=\"https:\/\/haroldweiser.com\/\">504-358-2273<\/a>\u00a0o a traves de<a href=\"http:\/\/www.nolainterpreter.com\/\" target=\"_blank\" rel=\"noopener\"> nolainterpreter.com.<\/a><\/p><\/div><\/div><\/div><\/div><\/div><\/div><\/div><\/section><\/div><\/main>\t\t\t\t\t\t\t\t<\/div>\n\t\t\t\t<\/div>\n\t\t\t\t\t<\/div>\n\t\t\t\t<\/div>\n\t\t\t\t<\/div>\n\t\t","protected":false},"excerpt":{"rendered":"<p>504-358-2273 For A Free Consultation 504-358-2273 For A Free Consultation Eric V\u00e1zquez\u00a0Int\u00e9rprete Judicial de espa\u00f1ol en Luisiana Home Eric V\u00e1zquez Int\u00e9rprete Judicial de espa\u00f1ol en Luisiana El Sr. Eric V\u00e1zquez es un int\u00e9rprete y traductor registrado con la Corte Suprema de Luisiana. El Sr. V\u00e1zquez naci\u00f3 y vivi\u00f3 la gran parte de su vida en [&hellip;]<\/p>\n","protected":false},"author":1,"featured_media":0,"parent":0,"menu_order":0,"comment_status":"closed","ping_status":"closed","template":"elementor_header_footer","meta":{"footnotes":""},"class_list":["post-16654","page","type-page","status-publish","hentry"],"_links":{"self":[{"href":"https:\/\/onlinewebsolutions.store\/haroldweiser\/wp-json\/wp\/v2\/pages\/16654","targetHints":{"allow":["GET"]}}],"collection":[{"href":"https:\/\/onlinewebsolutions.store\/haroldweiser\/wp-json\/wp\/v2\/pages"}],"about":[{"href":"https:\/\/onlinewebsolutions.store\/haroldweiser\/wp-json\/wp\/v2\/types\/page"}],"author":[{"embeddable":true,"href":"https:\/\/onlinewebsolutions.store\/haroldweiser\/wp-json\/wp\/v2\/users\/1"}],"replies":[{"embeddable":true,"href":"https:\/\/onlinewebsolutions.store\/haroldweiser\/wp-json\/wp\/v2\/comments?post=16654"}],"version-history":[{"count":7,"href":"https:\/\/onlinewebsolutions.store\/haroldweiser\/wp-json\/wp\/v2\/pages\/16654\/revisions"}],"predecessor-version":[{"id":16664,"href":"https:\/\/onlinewebsolutions.store\/haroldweiser\/wp-json\/wp\/v2\/pages\/16654\/revisions\/16664"}],"wp:attachment":[{"href":"https:\/\/onlinewebsolutions.store\/haroldweiser\/wp-json\/wp\/v2\/media?parent=16654"}],"curies":[{"name":"wp","href":"https:\/\/api.w.org\/{rel}","templated":true}]}}